{"id":885,"date":"2020-09-11T10:16:54","date_gmt":"2020-09-11T10:16:54","guid":{"rendered":"http:\/\/wpdemo.archiwp.com\/maxbizz\/?page_id=885"},"modified":"2021-01-25T14:28:52","modified_gmt":"2021-01-25T14:28:52","slug":"klienci-indywidualni","status":"publish","type":"page","link":"https:\/\/legionowoubezpieczenia.pl\/index.php\/klienci-indywidualni\/","title":{"rendered":"KLIENCI INDYWIDUALNI"},"content":{"rendered":"\t\t<div data-elementor-type=\"wp-page\" data-elementor-id=\"885\" class=\"elementor elementor-885\" data-elementor-settings=\"[]\">\n\t\t\t\t\t\t<div class=\"elementor-inner\">\n\t\t\t\t\t\t\t<div class=\"elementor-section-wrap\">\n\t\t\t\t\t\t\t<section class=\"elementor-section elementor-top-section elementor-element elementor-element-d5a76aa elementor-section-boxed elementor-section-height-default elementor-section-height-default\" data-id=\"d5a76aa\" data-element_type=\"section\">\n\t\t\t\t\t\t<div class=\"elementor-container elementor-column-gap-default\">\n\t\t\t\t\t\t\t<div class=\"elementor-row\">\n\t\t\t\t\t<div class=\"elementor-column elementor-col-100 elementor-top-column elementor-element elementor-element-234f86e ot-flex-column-vertical\" data-id=\"234f86e\" data-element_type=\"column\">\n\t\t\t<div class=\"elementor-column-wrap elementor-element-populated\">\n\t\t\t\t\t\t\t<div class=\"elementor-widget-wrap\">\n\t\t\t\t\t\t<section class=\"elementor-section elementor-inner-section elementor-element elementor-element-1cf82f6 elementor-section-full_width elementor-section-height-default elementor-section-height-default\" data-id=\"1cf82f6\" data-element_type=\"section\">\n\t\t\t\t\t\t<div class=\"elementor-container elementor-column-gap-default\">\n\t\t\t\t\t\t\t<div class=\"elementor-row\">\n\t\t\t\t\t<div class=\"elementor-column elementor-col-33 elementor-inner-column elementor-element elementor-element-ce2318b ot-flex-column-vertical\" data-id=\"ce2318b\" data-element_type=\"column\">\n\t\t\t<div class=\"elementor-column-wrap\">\n\t\t\t\t\t\t\t<div class=\"elementor-widget-wrap\">\n\t\t\t\t\t\t\t\t<\/div>\n\t\t\t\t\t<\/div>\n\t\t<\/div>\n\t\t\t\t<div class=\"elementor-column elementor-col-33 elementor-inner-column elementor-element elementor-element-5510dd0 ot-flex-column-vertical\" data-id=\"5510dd0\" data-element_type=\"column\">\n\t\t\t<div class=\"elementor-column-wrap elementor-element-populated\">\n\t\t\t\t\t\t\t<div class=\"elementor-widget-wrap\">\n\t\t\t\t\t\t<div class=\"elementor-element elementor-element-ef1670e elementor-widget elementor-widget-iheading\" data-id=\"ef1670e\" data-element_type=\"widget\" data-widget_type=\"iheading.default\">\n\t\t\t\t<div class=\"elementor-widget-container\">\n\t\t\t\t\t<div class=\"ot-heading\">\r\n\t        <span class=\"\">Poznaj ofert\u0119<\/span>\t        <h3 class=\"main-head\">Dla klient\u00f3w <br> indywidualnych<\/h3>\t    <\/div>\r\n\t    \t\t<\/div>\n\t\t\t\t<\/div>\n\t\t\t\t\t\t<\/div>\n\t\t\t\t\t<\/div>\n\t\t<\/div>\n\t\t\t\t<div class=\"elementor-column elementor-col-33 elementor-inner-column elementor-element elementor-element-9a1cf24 ot-flex-column-vertical\" data-id=\"9a1cf24\" data-element_type=\"column\">\n\t\t\t<div class=\"elementor-column-wrap\">\n\t\t\t\t\t\t\t<div class=\"elementor-widget-wrap\">\n\t\t\t\t\t\t\t\t<\/div>\n\t\t\t\t\t<\/div>\n\t\t<\/div>\n\t\t\t\t\t\t\t\t<\/div>\n\t\t\t\t\t<\/div>\n\t\t<\/section>\n\t\t\t\t<section class=\"elementor-section elementor-inner-section elementor-element elementor-element-063a9d3 elementor-section-full_width elementor-section-height-default elementor-section-height-default\" data-id=\"063a9d3\" data-element_type=\"section\">\n\t\t\t\t\t\t<div class=\"elementor-container elementor-column-gap-extended\">\n\t\t\t\t\t\t\t<div class=\"elementor-row\">\n\t\t\t\t\t<div class=\"elementor-column elementor-col-33 elementor-inner-column elementor-element elementor-element-72f750e ot-flex-column-vertical\" data-id=\"72f750e\" data-element_type=\"column\">\n\t\t\t<div class=\"elementor-column-wrap elementor-element-populated\">\n\t\t\t\t\t\t\t<div class=\"elementor-widget-wrap\">\n\t\t\t\t\t\t<div class=\"elementor-element elementor-element-849b54f bline-yes hover-dark-yes elementor-widget elementor-widget-iiconbox1\" data-id=\"849b54f\" data-element_type=\"widget\" data-widget_type=\"iiconbox1.default\">\n\t\t\t\t<div class=\"elementor-widget-container\">\n\t\t\t\t\t<div class=\"icon-box icon-box-1\">\r\n\t\t\t<div class=\"icon-main\">\r\n\t\t\t\t<span class=\"circle-animate\"><\/span>\r\n\t\t    \t<i aria-hidden=\"true\" class=\"fas fa-car-crash\"><\/i>\t        <\/div>\r\n\t        <div class=\"content-box\">\r\n\t\t\t\t<h5 class=\"title-box\"><a href=\"https:\/\/legionowoubezpieczenia.pl\/index.php\/our-services\/ubezpieczenia-komunikacyjne-oc-ac-nnw\/\">Ubezpieczenia komunikacyjne OC \/ AC \/ NNW<\/a><\/h5>\t\t\t\t\t\t\t<\/div>\r\n\t\t\t<div class=\"link-box\">\r\n        \t\t\t<a href=\"https:\/\/legionowoubezpieczenia.pl\/index.php\/our-services\/ubezpieczenia-komunikacyjne-oc-ac-nnw\/\"class=\"link-details\"><i class=\"ot-flaticon-trajectory\"><\/i> Czytaj wi\u0119cej<\/a>\r\n        \t\t<\/div>\t\r\n\t    <\/div>\r\n\t    \t\t<\/div>\n\t\t\t\t<\/div>\n\t\t\t\t\t\t<\/div>\n\t\t\t\t\t<\/div>\n\t\t<\/div>\n\t\t\t\t<div class=\"elementor-column elementor-col-33 elementor-inner-column elementor-element elementor-element-c431466 ot-flex-column-vertical\" data-id=\"c431466\" data-element_type=\"column\">\n\t\t\t<div class=\"elementor-column-wrap elementor-element-populated\">\n\t\t\t\t\t\t\t<div class=\"elementor-widget-wrap\">\n\t\t\t\t\t\t<div class=\"elementor-element elementor-element-e0e8d01 bline-yes hover-dark-yes elementor-widget elementor-widget-iiconbox1\" data-id=\"e0e8d01\" data-element_type=\"widget\" data-widget_type=\"iiconbox1.default\">\n\t\t\t\t<div class=\"elementor-widget-container\">\n\t\t\t\t\t<div class=\"icon-box icon-box-1\">\r\n\t\t\t<div class=\"icon-main\">\r\n\t\t\t\t<span class=\"circle-animate\"><\/span>\r\n\t\t    \t<i aria-hidden=\"true\" class=\"fas fa-cloud-sun\"><\/i>\t        <\/div>\r\n\t        <div class=\"content-box\">\r\n\t\t\t\t<h5 class=\"title-box\"><a href=\"https:\/\/legionowoubezpieczenia.pl\/index.php\/our-services\/ubezpieczenie-turystyczne\/\">Ubezpieczenie turystyczne <br>\n<br>\n<br><\/a><\/h5>\t\t\t\t\t\t\t<\/div>\r\n\t\t\t<div class=\"link-box\">\r\n        \t\t\t<a href=\"https:\/\/legionowoubezpieczenia.pl\/index.php\/our-services\/ubezpieczenie-turystyczne\/\"class=\"link-details\"><i class=\"ot-flaticon-trajectory\"><\/i> Czytaj wi\u0119cej<\/a>\r\n        \t\t<\/div>\t\r\n\t    <\/div>\r\n\t    \t\t<\/div>\n\t\t\t\t<\/div>\n\t\t\t\t\t\t<\/div>\n\t\t\t\t\t<\/div>\n\t\t<\/div>\n\t\t\t\t<div class=\"elementor-column elementor-col-33 elementor-inner-column elementor-element elementor-element-2269d28 elementor-hidden-tablet elementor-hidden-phone ot-flex-column-vertical\" data-id=\"2269d28\" data-element_type=\"column\">\n\t\t\t<div class=\"elementor-column-wrap elementor-element-populated\">\n\t\t\t\t\t\t\t<div class=\"elementor-widget-wrap\">\n\t\t\t\t\t\t<div class=\"elementor-element elementor-element-56e56e3 bline-yes hover-dark-yes elementor-widget elementor-widget-iiconbox1\" data-id=\"56e56e3\" data-element_type=\"widget\" data-widget_type=\"iiconbox1.default\">\n\t\t\t\t<div class=\"elementor-widget-container\">\n\t\t\t\t\t<div class=\"icon-box icon-box-1\">\r\n\t\t\t<div class=\"icon-main\">\r\n\t\t\t\t<span class=\"circle-animate\"><\/span>\r\n\t\t    \t<i aria-hidden=\"true\" class=\"fas fa-globe-americas\"><\/i>\t        <\/div>\r\n\t        <div class=\"content-box\">\r\n\t\t\t\t<h5 class=\"title-box\"><a href=\"https:\/\/legionowoubezpieczenia.pl\/index.php\/our-services\/ubezpieczenia-na-zycie\/\">Ubezpieczenia na \u017cycie \n<br>\n<br>\n<br><\/a><\/h5>\t\t\t\t\t\t\t<\/div>\r\n\t\t\t<div class=\"link-box\">\r\n        \t\t\t<a href=\"https:\/\/legionowoubezpieczenia.pl\/index.php\/our-services\/ubezpieczenia-na-zycie\/\"class=\"link-details\"><i class=\"ot-flaticon-trajectory\"><\/i> Czytaj wi\u0119cej<\/a>\r\n        \t\t<\/div>\t\r\n\t    <\/div>\r\n\t    \t\t<\/div>\n\t\t\t\t<\/div>\n\t\t\t\t\t\t<\/div>\n\t\t\t\t\t<\/div>\n\t\t<\/div>\n\t\t\t\t\t\t\t\t<\/div>\n\t\t\t\t\t<\/div>\n\t\t<\/section>\n\t\t\t\t<section class=\"elementor-section elementor-inner-section elementor-element elementor-element-75aac51 elementor-section-full_width elementor-section-height-default elementor-section-height-default\" data-id=\"75aac51\" data-element_type=\"section\">\n\t\t\t\t\t\t<div class=\"elementor-container elementor-column-gap-extended\">\n\t\t\t\t\t\t\t<div class=\"elementor-row\">\n\t\t\t\t\t<div class=\"elementor-column elementor-col-33 elementor-inner-column elementor-element elementor-element-b5bff94 ot-flex-column-vertical\" data-id=\"b5bff94\" data-element_type=\"column\">\n\t\t\t<div class=\"elementor-column-wrap elementor-element-populated\">\n\t\t\t\t\t\t\t<div class=\"elementor-widget-wrap\">\n\t\t\t\t\t\t<div class=\"elementor-element elementor-element-7986377 bline-yes hover-dark-yes elementor-widget elementor-widget-iiconbox1\" data-id=\"7986377\" data-element_type=\"widget\" data-widget_type=\"iiconbox1.default\">\n\t\t\t\t<div class=\"elementor-widget-container\">\n\t\t\t\t\t<div class=\"icon-box icon-box-1\">\r\n\t\t\t<div class=\"icon-main\">\r\n\t\t\t\t<span class=\"circle-animate\"><\/span>\r\n\t\t    \t<i aria-hidden=\"true\" class=\"far fa-heart\"><\/i>\t        <\/div>\r\n\t        <div class=\"content-box\">\r\n\t\t\t\t<h5 class=\"title-box\"><a href=\"https:\/\/legionowoubezpieczenia.pl\/index.php\/our-services\/ubezpieczenie-oc-w-zyciu-prywatnym\/\">Ubezpieczenie  OC w \u017cyciu prywatnym<\/a><\/h5>\t\t\t\t\t\t\t<\/div>\r\n\t\t\t<div class=\"link-box\">\r\n        \t\t\t<a href=\"https:\/\/legionowoubezpieczenia.pl\/index.php\/our-services\/ubezpieczenie-oc-w-zyciu-prywatnym\/\"class=\"link-details\"><i class=\"ot-flaticon-trajectory\"><\/i> Czytaj wi\u0119cej<\/a>\r\n        \t\t<\/div>\t\r\n\t    <\/div>\r\n\t    \t\t<\/div>\n\t\t\t\t<\/div>\n\t\t\t\t\t\t<\/div>\n\t\t\t\t\t<\/div>\n\t\t<\/div>\n\t\t\t\t<div class=\"elementor-column elementor-col-33 elementor-inner-column elementor-element elementor-element-caf17c0 ot-flex-column-vertical\" data-id=\"caf17c0\" data-element_type=\"column\">\n\t\t\t<div class=\"elementor-column-wrap elementor-element-populated\">\n\t\t\t\t\t\t\t<div class=\"elementor-widget-wrap\">\n\t\t\t\t\t\t<div class=\"elementor-element elementor-element-665cbfa bline-yes hover-dark-yes elementor-widget elementor-widget-iiconbox1\" data-id=\"665cbfa\" data-element_type=\"widget\" data-widget_type=\"iiconbox1.default\">\n\t\t\t\t<div class=\"elementor-widget-container\">\n\t\t\t\t\t<div class=\"icon-box icon-box-1\">\r\n\t\t\t<div class=\"icon-main\">\r\n\t\t\t\t<span class=\"circle-animate\"><\/span>\r\n\t\t    \t<i aria-hidden=\"true\" class=\"fas fa-chart-area\"><\/i>\t        <\/div>\r\n\t        <div class=\"content-box\">\r\n\t\t\t\t<h5 class=\"title-box\"><a href=\"https:\/\/legionowoubezpieczenia.pl\/index.php\/our-services\/ubezpieczenia-rolne\/\">Ubezpieczenia rolne<br>\n<br><\/a><\/h5>\t\t\t\t\t\t\t<\/div>\r\n\t\t\t<div class=\"link-box\">\r\n        \t\t\t<a href=\"https:\/\/legionowoubezpieczenia.pl\/index.php\/our-services\/ubezpieczenia-rolne\/\"class=\"link-details\"><i class=\"ot-flaticon-trajectory\"><\/i> Czytaj wi\u0119cej<\/a>\r\n        \t\t<\/div>\t\r\n\t    <\/div>\r\n\t    \t\t<\/div>\n\t\t\t\t<\/div>\n\t\t\t\t\t\t<\/div>\n\t\t\t\t\t<\/div>\n\t\t<\/div>\n\t\t\t\t<div class=\"elementor-column elementor-col-33 elementor-inner-column elementor-element elementor-element-02f9c15 elementor-hidden-tablet elementor-hidden-phone ot-flex-column-vertical\" data-id=\"02f9c15\" data-element_type=\"column\">\n\t\t\t<div class=\"elementor-column-wrap elementor-element-populated\">\n\t\t\t\t\t\t\t<div class=\"elementor-widget-wrap\">\n\t\t\t\t\t\t<div class=\"elementor-element elementor-element-4b15645 bline-yes hover-dark-yes elementor-widget elementor-widget-iiconbox1\" data-id=\"4b15645\" data-element_type=\"widget\" data-widget_type=\"iiconbox1.default\">\n\t\t\t\t<div class=\"elementor-widget-container\">\n\t\t\t\t\t<div class=\"icon-box icon-box-1\">\r\n\t\t\t<div class=\"icon-main\">\r\n\t\t\t\t<span class=\"circle-animate\"><\/span>\r\n\t\t    \t<i aria-hidden=\"true\" class=\"fas fa-notes-medical\"><\/i>\t        <\/div>\r\n\t        <div class=\"content-box\">\r\n\t\t\t\t<h5 class=\"title-box\"><a href=\"https:\/\/legionowoubezpieczenia.pl\/index.php\/our-services\/ubezpieczenia-medyczne\/\">Ubezpieczenia medyczne<br>\n<br><\/a><\/h5>\t\t\t\t\t\t\t<\/div>\r\n\t\t\t<div class=\"link-box\">\r\n        \t\t\t<a href=\"https:\/\/legionowoubezpieczenia.pl\/index.php\/our-services\/ubezpieczenia-medyczne\/\"class=\"link-details\"><i class=\"ot-flaticon-trajectory\"><\/i> Czytaj wi\u0119cej<\/a>\r\n        \t\t<\/div>\t\r\n\t    <\/div>\r\n\t    \t\t<\/div>\n\t\t\t\t<\/div>\n\t\t\t\t\t\t<\/div>\n\t\t\t\t\t<\/div>\n\t\t<\/div>\n\t\t\t\t\t\t\t\t<\/div>\n\t\t\t\t\t<\/div>\n\t\t<\/section>\n\t\t\t\t<section class=\"elementor-section elementor-inner-section elementor-element elementor-element-7b40361 elementor-section-full_width elementor-section-height-default elementor-section-height-default\" data-id=\"7b40361\" data-element_type=\"section\">\n\t\t\t\t\t\t<div class=\"elementor-container elementor-column-gap-extended\">\n\t\t\t\t\t\t\t<div class=\"elementor-row\">\n\t\t\t\t\t<div class=\"elementor-column elementor-col-33 elementor-inner-column elementor-element elementor-element-20cde17 ot-flex-column-vertical\" data-id=\"20cde17\" data-element_type=\"column\">\n\t\t\t<div class=\"elementor-column-wrap elementor-element-populated\">\n\t\t\t\t\t\t\t<div class=\"elementor-widget-wrap\">\n\t\t\t\t\t\t<div class=\"elementor-element elementor-element-118dd09 bline-yes hover-dark-yes elementor-widget elementor-widget-iiconbox1\" data-id=\"118dd09\" data-element_type=\"widget\" data-widget_type=\"iiconbox1.default\">\n\t\t\t\t<div class=\"elementor-widget-container\">\n\t\t\t\t\t<div class=\"icon-box icon-box-1\">\r\n\t\t\t<div class=\"icon-main\">\r\n\t\t\t\t<span class=\"circle-animate\"><\/span>\r\n\t\t    \t<i aria-hidden=\"true\" class=\"fas fa-house-damage\"><\/i>\t        <\/div>\r\n\t        <div class=\"content-box\">\r\n\t\t\t\t<h5 class=\"title-box\"><a href=\"https:\/\/legionowoubezpieczenia.pl\/index.php\/our-services\/ubezpieczenia-mienia-nieruchomosci\/\">Ubezpieczenia mienia, nieruchomo\u015bci<\/a><\/h5>\t\t\t\t\t\t\t<\/div>\r\n\t\t\t<div class=\"link-box\">\r\n        \t\t\t<a href=\"https:\/\/legionowoubezpieczenia.pl\/index.php\/our-services\/ubezpieczenia-mienia-nieruchomosci\/\"class=\"link-details\"><i class=\"ot-flaticon-trajectory\"><\/i> Czytaj wi\u0119cej<\/a>\r\n        \t\t<\/div>\t\r\n\t    <\/div>\r\n\t    \t\t<\/div>\n\t\t\t\t<\/div>\n\t\t\t\t\t\t<\/div>\n\t\t\t\t\t<\/div>\n\t\t<\/div>\n\t\t\t\t<div class=\"elementor-column elementor-col-33 elementor-inner-column elementor-element elementor-element-66f2b0a ot-flex-column-vertical\" data-id=\"66f2b0a\" data-element_type=\"column\">\n\t\t\t<div class=\"elementor-column-wrap elementor-element-populated\">\n\t\t\t\t\t\t\t<div class=\"elementor-widget-wrap\">\n\t\t\t\t\t\t<div class=\"elementor-element elementor-element-f362590 bline-yes hover-dark-yes elementor-widget elementor-widget-iiconbox1\" data-id=\"f362590\" data-element_type=\"widget\" data-widget_type=\"iiconbox1.default\">\n\t\t\t\t<div class=\"elementor-widget-container\">\n\t\t\t\t\t<div class=\"icon-box icon-box-1\">\r\n\t\t\t<div class=\"icon-main\">\r\n\t\t\t\t<span class=\"circle-animate\"><\/span>\r\n\t\t    \t<i aria-hidden=\"true\" class=\"fas fa-business-time\"><\/i>\t        <\/div>\r\n\t        <div class=\"content-box\">\r\n\t\t\t\t<h5 class=\"title-box\"><a href=\"https:\/\/legionowoubezpieczenia.pl\/index.php\/our-services\/ochrona-prawna-w-zyciu-prywatnym\/\">Ochrona prawna w \u017cyciu prywatnym\n<br><\/a><\/h5>\t\t\t\t\t\t\t<\/div>\r\n\t\t\t<div class=\"link-box\">\r\n        \t\t\t<a href=\"https:\/\/legionowoubezpieczenia.pl\/index.php\/our-services\/ochrona-prawna-w-zyciu-prywatnym\/\"class=\"link-details\"><i class=\"ot-flaticon-trajectory\"><\/i> Czytaj wi\u0119cej<\/a>\r\n        \t\t<\/div>\t\r\n\t    <\/div>\r\n\t    \t\t<\/div>\n\t\t\t\t<\/div>\n\t\t\t\t\t\t<\/div>\n\t\t\t\t\t<\/div>\n\t\t<\/div>\n\t\t\t\t<div class=\"elementor-column elementor-col-33 elementor-inner-column elementor-element elementor-element-6d3f67f elementor-hidden-tablet elementor-hidden-phone ot-flex-column-vertical\" data-id=\"6d3f67f\" data-element_type=\"column\">\n\t\t\t<div class=\"elementor-column-wrap elementor-element-populated\">\n\t\t\t\t\t\t\t<div class=\"elementor-widget-wrap\">\n\t\t\t\t\t\t<div class=\"elementor-element elementor-element-8eb4682 bline-yes hover-dark-yes elementor-widget elementor-widget-iiconbox1\" data-id=\"8eb4682\" data-element_type=\"widget\" data-widget_type=\"iiconbox1.default\">\n\t\t\t\t<div class=\"elementor-widget-container\">\n\t\t\t\t\t<div class=\"icon-box icon-box-1\">\r\n\t\t\t<div class=\"icon-main\">\r\n\t\t\t\t<span class=\"circle-animate\"><\/span>\r\n\t\t    \t<i aria-hidden=\"true\" class=\"fas fa-percent\"><\/i>\t        <\/div>\r\n\t        <div class=\"content-box\">\r\n\t\t\t\t<h5 class=\"title-box\"><a href=\"https:\/\/legionowoubezpieczenia.pl\/index.php\/our-services\/ubezpieczenia-posagowe-dla-dzieci\/\">ubezpieczenia posagowe dla dzieci <br>\n<\/a><\/h5>\t\t\t\t\t\t\t<\/div>\r\n\t\t\t<div class=\"link-box\">\r\n        \t\t\t<a href=\"https:\/\/legionowoubezpieczenia.pl\/index.php\/our-services\/ubezpieczenia-posagowe-dla-dzieci\/\"class=\"link-details\"><i class=\"ot-flaticon-trajectory\"><\/i> Czytaj wi\u0119cej<\/a>\r\n        \t\t<\/div>\t\r\n\t    <\/div>\r\n\t    \t\t<\/div>\n\t\t\t\t<\/div>\n\t\t\t\t\t\t<\/div>\n\t\t\t\t\t<\/div>\n\t\t<\/div>\n\t\t\t\t\t\t\t\t<\/div>\n\t\t\t\t\t<\/div>\n\t\t<\/section>\n\t\t\t\t\t\t<\/div>\n\t\t\t\t\t<\/div>\n\t\t<\/div>\n\t\t\t\t\t\t\t\t<\/div>\n\t\t\t\t\t<\/div>\n\t\t<\/section>\n\t\t\t\t<section class=\"elementor-section elementor-top-section elementor-element elementor-element-dc04503 elementor-section-boxed elementor-section-height-default elementor-section-height-default\" data-id=\"dc04503\" data-element_type=\"section\" data-settings=\"{&quot;background_background&quot;:&quot;classic&quot;}\">\n\t\t\t\t\t\t<div class=\"elementor-container elementor-column-gap-default\">\n\t\t\t\t\t\t\t<div class=\"elementor-row\">\n\t\t\t\t\t<div class=\"elementor-column elementor-col-100 elementor-top-column elementor-element elementor-element-3cb066f ot-flex-column-vertical\" data-id=\"3cb066f\" data-element_type=\"column\">\n\t\t\t<div class=\"elementor-column-wrap elementor-element-populated\">\n\t\t\t\t\t\t\t<div class=\"elementor-widget-wrap\">\n\t\t\t\t\t\t<section class=\"elementor-section elementor-inner-section elementor-element elementor-element-3bffb05 elementor-section-content-middle elementor-section-boxed elementor-section-height-default elementor-section-height-default\" data-id=\"3bffb05\" data-element_type=\"section\" data-settings=\"{&quot;background_background&quot;:&quot;classic&quot;}\">\n\t\t\t\t\t\t<div class=\"elementor-container elementor-column-gap-default\">\n\t\t\t\t\t\t\t<div class=\"elementor-row\">\n\t\t\t\t\t<div class=\"elementor-column elementor-col-50 elementor-inner-column elementor-element elementor-element-dab11b4 ot-flex-column-vertical\" data-id=\"dab11b4\" data-element_type=\"column\">\n\t\t\t<div class=\"elementor-column-wrap elementor-element-populated\">\n\t\t\t\t\t\t\t<div class=\"elementor-widget-wrap\">\n\t\t\t\t\t\t<div class=\"elementor-element elementor-element-2f39639 elementor-widget elementor-widget-heading\" data-id=\"2f39639\" data-element_type=\"widget\" data-widget_type=\"heading.default\">\n\t\t\t\t<div class=\"elementor-widget-container\">\n\t\t\t<h4 class=\"elementor-heading-title elementor-size-default\">Skontaktuj si\u0119 z nami!<\/h4>\t\t<\/div>\n\t\t\t\t<\/div>\n\t\t\t\t\t\t<\/div>\n\t\t\t\t\t<\/div>\n\t\t<\/div>\n\t\t\t\t<div class=\"elementor-column elementor-col-50 elementor-inner-column elementor-element elementor-element-f0f5c00 ot-flex-column-vertical\" data-id=\"f0f5c00\" data-element_type=\"column\">\n\t\t\t<div class=\"elementor-column-wrap elementor-element-populated\">\n\t\t\t\t\t\t\t<div class=\"elementor-widget-wrap\">\n\t\t\t\t\t\t<div class=\"elementor-element elementor-element-71cc9d5 elementor-widget elementor-widget-ictf7\" data-id=\"71cc9d5\" data-element_type=\"widget\" data-widget_type=\"ictf7.default\">\n\t\t\t\t<div class=\"elementor-widget-container\">\n\t\t\t<div class=\"elementor-shortcode maxbizz-cf7-0\"><div role=\"form\" class=\"wpcf7\" id=\"wpcf7-f741-o1\" lang=\"en-US\" dir=\"ltr\">\n<div class=\"screen-reader-response\"><p role=\"status\" aria-live=\"polite\" aria-atomic=\"true\"><\/p> <ul><\/ul><\/div>\n<form action=\"\/index.php\/wp-json\/wp\/v2\/pages\/885#wpcf7-f741-o1\" method=\"post\" class=\"wpcf7-form init\" novalidate=\"novalidate\" data-status=\"init\">\n<div style=\"display: none;\">\n<input type=\"hidden\" name=\"_wpcf7\" value=\"741\" \/>\n<input type=\"hidden\" name=\"_wpcf7_version\" value=\"5.4\" \/>\n<input type=\"hidden\" name=\"_wpcf7_locale\" value=\"en_US\" \/>\n<input type=\"hidden\" name=\"_wpcf7_unit_tag\" value=\"wpcf7-f741-o1\" \/>\n<input type=\"hidden\" name=\"_wpcf7_container_post\" value=\"0\" \/>\n<input type=\"hidden\" name=\"_wpcf7_posted_data_hash\" value=\"\" \/>\n<\/div>\n<div class=\"team-form flex-middle\">\n<span class=\"wpcf7-form-control-wrap your-name\"><input type=\"text\" name=\"your-name\" value=\"\" size=\"40\" class=\"wpcf7-form-control wpcf7-text wpcf7-validates-as-required\" aria-required=\"true\" aria-invalid=\"false\" placeholder=\"Your Name *\" \/><\/span><br \/>\n<span class=\"wpcf7-form-control-wrap your-email\"><input type=\"email\" name=\"your-email\" value=\"\" size=\"40\" class=\"wpcf7-form-control wpcf7-text wpcf7-email wpcf7-validates-as-required wpcf7-validates-as-email\" aria-required=\"true\" aria-invalid=\"false\" placeholder=\"Your Email *\" \/><\/span><br \/>\n<button type=\"submit\" class=\"octf-btn\">Subscribe Now<\/button>\n<\/div>\n<input type='hidden' class='wpcf7-pum' value='{\"closepopup\":false,\"closedelay\":0,\"openpopup\":false,\"openpopup_id\":0}' \/><div class=\"wpcf7-response-output\" aria-hidden=\"true\"><\/div><\/form><\/div><\/div>\t\t<\/div>\n\t\t\t\t<\/div>\n\t\t\t\t\t\t<\/div>\n\t\t\t\t\t<\/div>\n\t\t<\/div>\n\t\t\t\t\t\t\t\t<\/div>\n\t\t\t\t\t<\/div>\n\t\t<\/section>\n\t\t\t\t\t\t<\/div>\n\t\t\t\t\t<\/div>\n\t\t<\/div>\n\t\t\t\t\t\t\t\t<\/div>\n\t\t\t\t\t<\/div>\n\t\t<\/section>\n\t\t\t\t\t\t<\/div>\n\t\t\t\t\t\t<\/div>\n\t\t\t\t\t<\/div>\n\t\t","protected":false},"excerpt":{"rendered":"<p>Poznaj ofert\u0119 Dla klient\u00f3w indywidualnych Ubezpieczenia komunikacyjne OC \/ AC \/ NNW Czytaj wi\u0119cej Ubezpieczenie turystyczne Czytaj wi\u0119cej Ubezpieczenia na \u017cycie Czytaj wi\u0119cej Ubezpieczenie OC w \u017cyciu prywatnym Czytaj wi\u0119cej Ubezpieczenia rolne Czytaj wi\u0119cej Ubezpieczenia medyczne Czytaj wi\u0119cej Ubezpieczenia mienia, nieruchomo\u015bci Czytaj wi\u0119cej Ochrona prawna w \u017cyciu prywatnym Czytaj wi\u0119cej ubezpieczenia posagowe dla dzieci Czytaj [&hellip;]<\/p>\n","protected":false},"author":1,"featured_media":0,"parent":0,"menu_order":0,"comment_status":"closed","ping_status":"closed","template":"","meta":[],"_links":{"self":[{"href":"https:\/\/legionowoubezpieczenia.pl\/index.php\/wp-json\/wp\/v2\/pages\/885"}],"collection":[{"href":"https:\/\/legionowoubezpieczenia.pl\/index.php\/wp-json\/wp\/v2\/pages"}],"about":[{"href":"https:\/\/legionowoubezpieczenia.pl\/index.php\/wp-json\/wp\/v2\/types\/page"}],"author":[{"embeddable":true,"href":"https:\/\/legionowoubezpieczenia.pl\/index.php\/wp-json\/wp\/v2\/users\/1"}],"replies":[{"embeddable":true,"href":"https:\/\/legionowoubezpieczenia.pl\/index.php\/wp-json\/wp\/v2\/comments?post=885"}],"version-history":[{"count":37,"href":"https:\/\/legionowoubezpieczenia.pl\/index.php\/wp-json\/wp\/v2\/pages\/885\/revisions"}],"predecessor-version":[{"id":3268,"href":"https:\/\/legionowoubezpieczenia.pl\/index.php\/wp-json\/wp\/v2\/pages\/885\/revisions\/3268"}],"wp:attachment":[{"href":"https:\/\/legionowoubezpieczenia.pl\/index.php\/wp-json\/wp\/v2\/media?parent=885"}],"curies":[{"name":"wp","href":"https:\/\/api.w.org\/{rel}","templated":true}]}}